*u. Let m be f(6). List the prime factors of (29 - -1) + m/(-1).
2, 3, 5
Let j(g) be the second derivative of -7*g**3/6 + g**2/2 + 3*g. List the prime factors of j(-1).
2
Let h = 13 - 9. Let g be ((-22)/(-3))/(h/30). List the prime factors of 1 + 2 - g/(-5).
2, 7
Let d = -372 - -576. List the prime factors of d.
2, 3, 17
Let k = 90 + -86. What are the prime factors of k?
2
Let v = 27 - 7. List the prime factors of v.
2, 5
Let z(n) = n**2 - n + 2*n**2 - 2*n**2 + 8. List the prime factors of z(0).
2
Suppose 5*z - 8 = -4*m, -m - 4*m - 23 = -2*z. Let u = m - -3. Suppose u = 3*n - 2*n + d - 7, 3*d = -4*n + 31. What are the prime factors of n?
2, 5
Suppose 15 = 4*o - 37. Suppose 5*l + 4*s + o = 53, -3*s - 27 = -l. List the prime factors of l.
2, 3
Let l = 43 + -34. List the prime factors of l.
3
Suppose 2*b - 30 = -0*b. Suppose -2*c = -13 - b. What are the prime factors of c?
2, 7
Let k(l) be the third derivative of l**5/12 + l**4/24 - l**3/6 - 3*l**2. Let t be k(1). Suppose t*x = 18 + 12. What are the prime factors of x?
2, 3
What are the prime factors of (-1222)/(-12) - (-6)/36?
2, 3, 17
Suppose 5*p = 2*k - 28, -4*k - 3*p = -2 - 2. Let r be 3/(6/k)*2. Suppose -q + r = 2. What are the prime factors of q?
2
Let i be 3/(-15) - (-18)/(-10). What are the prime factors of (2/i)/(1/(-21))?
3, 7
Suppose -28 = -4*q + 4*w, -2*q + 26 = -0*q - 5*w. Suppose -2*n = -7 - q. What are the prime factors of n?
5
Suppose 0 = -2*s + s. Suppose -4*h + k + 69 = 4*k, s = 3*h + 4*k - 57. What are the prime factors of h?
3, 5
Let m = -48 + 92. What are the prime factors of m?
2, 11
Let h = -16 + 69. What are the prime factors of h?
53
Suppose -2*r - 96 = -2*w, 0*w - 2*w + 92 = -4*r. What are the prime factors of w?
2, 5
Suppose 0 = 18*z - 4*z - 5614. What are the prime factors of z?
401
Suppose -v = 4*k - 8, 0 = k - v - 5 - 2. Suppose k = -x + 2*x. What are the prime factors of x?
3
Let v = 48 + -28. List the prime factors of v.
2, 5
Suppose -r = n - 2*r - 128, 262 = 2*n - 4*r. Suppose n = 9*z - 4*z. List the prime factors of z.
5
Suppose 4*c - 4*m - 151 = -c, m + 139 = 5*c. What are the prime factors of c?
3
Suppose -3*a = -2*d - 209, -184 - 104 = -4*a + 5*d. Suppose 7 - a = -5*w. What are the prime factors of w?
2, 3
Let q(b) = 3 - 2*b - 2 + 5 - 2. What are the prime factors of q(-7)?
2, 3
Let w(v) = v**2 - 5*v + 4. Let u be w(6). Suppose 4*t - 42 = -u. List the prime factors of t.
2
Let z(h) = 8*h - 16. List the prime factors of z(7).
2, 5
Let t(a) = -6*a + 19. What are the prime factors of t(-14)?
103
Let l(t) = -5*t + 6. Let v be l(-5). Suppose v = 5*b + 3*h, 2*b - 17 = -3*b + 4*h. What are the prime factors of b?
5
Suppose 5*g = -3*m + 190, -g + 5*g - 139 = -5*m. Let n = -29 + g. List the prime factors of n.
2, 3
Let g = 38 + -10. List the prime factors of g.
2, 7
Suppose q = -3*t + 57, -5*t = -3*q + 6*q - 159. Suppose 4*y = -0*y + q. List the prime factors of (6/(-8))/((-3)/y).
3
Let b(z) = -5*z**2 - 3*z + 7. Let m(j) = j**2 - j. Let y(n) = -b(n) - 4*m(n). List the prime factors of y(-9).
11
Let u = 141 + -55. Suppose -2*q + 51 - 43 = 0. Suppose 2*t = 5*d - u, -q*d + 4*t = -5*d + 4. List the prime factors of d.
2
Suppose -u + 0*u - 21 = 4*w, 4*u - 24 = 2*w. Let p(i) be the first derivative of -i**3/3 - 3*i**2 + 3*i - 2. List the prime factors of p(w).
3
Let i be (-2)/(-11) + 937/(-11). Let k be (-1)/(2/(i + 3)). Let x = k - 21. List the prime factors of x.
2, 5
Let o be (-19)/2 - 1/2. Suppose -5*i - 137 = -3*d, 3*i + 3*d + 27 = -60. What are the prime factors of i/o - 1/(-5)?
3
Let s(g) = -g**2 + 8*g + 3. Let c be s(6). Let d = 29 - c. List the prime factors of d.
2, 7
Let u(b) = -b**2 - 14*b + 9. What are the prime factors of u(-12)?
3, 11
List the prime factors of (72/32)/((-3)/(-8)).
2, 3
Let o = 5 - 8. Suppose -4*t = -0*t - 72. Let d = o + t. What are the prime factors of d?
3, 5
Let h be (-2)/11 + 158/22. Let d(x) = x**2 - 8*x + 5. Let c be d(h). List the prime factors of c*3/4*-4.
2, 3
Suppose -23 - 51 = -2*s. What are the prime factors of s?
37
Let f be 2 - 3 - (-1)/(-1). Let a = f + 18. What are the prime factors of a?
2
Let g be (-36)/3 + 0/(-6). List the prime factors of g/(-30) - (-96)/10.
2, 5
Suppose 2*k = 3*k - 12. Suppose -r + 2*r = 2*w - k, 5*w = -5*r - 45. What are the prime factors of (-114)/r + (-8)/20?
11
Let z be 5/(1 + (-9)/12). Suppose -4*o = -5*o - 3*k + 17, -o = 4*k - z. List the prime factors of o.
2
Let h = -79 - -134. What are the prime factors of h?
5, 11
Suppose -3*v + 3*h = -2*v - 106, -h - 98 = -v. What are the prime factors of v?
2, 47
Suppose 0*n + 50 = 2*n. Suppose z - 6*z + 35 = 5*x, 5*z - n = 0. Suppose -k = -x*k + 15. What are the prime factors of k?
3, 5
Let k(j) = -5*j. Suppose t + 3*p - 13 = -p, -2*t + 5*p = 0. Suppose 4*a = t*q - 11 - 26, 4*a = q - 17. What are the prime factors of k(a)?
3, 5
Let h(t) = -t + 16. What are the prime factors of h(-13)?
29
Let c(h) = h + 6. Let w be c(7). Suppose -10 = -v + 9. Suppose -w - v = -4*s. List the prime factors of s.
2
Suppose -47 + 11 = -3*m. Suppose x + x = m. List the prime factors of x.
2, 3
Let k(c) = c - 1. Let g be k(1). Suppose 4*h - 2*u - 4 = g, h - 2*u = -5*u + 15. Let q = 14 - h. List the prime factors of q.
11
What are the prime factors of ((-14)/2)/((-4)/(147 - 7))?
5, 7
Let m(g) = -g**2 - 20*g - 17. What are the prime factors of m(-7)?
2, 37
Let c = -56 + 61. What are the prime factors of c?
5
Let q be 10/3 - (-2)/(-6). Suppose 3*f = 9 - q. Suppose -4*r - 5*i = -13, 0 = -0*r - 2*r - f*i + 8. List the prime factors of r.
7
What are the prime factors of (-3)/(-12) - (-1295)/20?
5, 13
Suppose c - 38 = -4*d + d, -2*d + 17 = -c. Suppose -z + 0*z = -d. List the prime factors of z.
11
Let y(k) = -23*k - 56. What are the prime factors of y(-8)?
2
Let g(x) be the third derivative of x**4/24 + x**3/6 - x**2. Let b be g(3). Suppose -25 = -b*v + 19. List the prime factors of v.
11
Let r(v) be the first derivative of v**2 + 2*v - 3. What are the prime factors of r(5)?
2, 3
Suppose -y + 2*y - 4 = -3*z, -18 = -5*z + 4*y. Let o = -1 - -6. Suppose -3*u = f - 14 - z, -o*u + 21 = -4*f. List the prime factors of u.
5
Suppose 5*x - 8*k + 3*k - 110 = 0, x + 3*k = 34. What are the prime factors of x?
5
Suppose 4*h = 2*h + 8. Suppose -3 = h*p - 23. Let t = 3 + p. What are the prime factors of t?
2
Let g = -7 - -9. Suppose -k + g*k = 24. What are the prime factors of k?
2, 3
Let p = 5 + -3. Let u be 3 - -4 - (p + 0). Suppose -u*q - 1 = d - 2, -5*d + 86 = -2*q. List the prime factors of d.
2
Let g(p) = p**2 - 2*p + 20. Suppose -3*l + 2*f - 8 = 0, -4*f + 12 = 3*l - f. List the prime factors of g(l).
2, 5
Let j(h) = -h**2 - 4*h - 4. Let z be j(-4). Let m be (-9)/(1 + z) - 0. Suppose -21 = -2*s + m. What are the prime factors of s?
2, 3
Let u(o) = o**3 - 6*o**2 + 3. Let r be u(6). Suppose -18 = -4*x + r*x. What are the prime factors of x?
2, 3
Suppose 5*q = 2*v + 33 - 6, 2*v = 4*q - 20. Suppose -5*w = -5*n - 55, 3*w - q = 2*n + 26. List the prime factors of (-1 + 2)*(w + -4).
7
Let m = 5 + -4. Let w = m - 6. List the prime factors of (-84)/w + 2/10.
17
Let v(g) = -3*g + 3 - 10 - 7 + 11*g. List the prime factors of v(6).
2, 17
Let k(s) = s**2. Let v(q) = q**3 + 9*q**2 + 9*q - 7. Let h(b) = b**2 + 1. Let a(j) = 4*h(j) + v(j). Let l(i) = -a(i) + 4*k(i). List the prime factors of l(-8).
11
Let z be (-513)/(-21) - (-6)/(-14). Let y = z - -2. List the prime factors of y.
2, 13
Let w(p) = p**2 + 2*p - 5. What are the prime factors of w(5)?
2, 3, 5
Let w = -110 - -221. What are the prime factors of w?
3, 37
Suppose 0 = -5*n + 15 + 20. Let l(k) = -k**2 - 3 - 5 - 6*k + 6 + 15*k. What are the prime factors of l(n)?
2, 3
Let a(v) = -2*v - 5. Let w(k) = k + 2. Let f(j) = 4*a(j) + 9*w(j). Suppose 3 = 2*o - 9. List the prime factors of f(o).
2
Suppose 0 = -6*f + f + 10. Suppose 2*n + 96 = -f*n. Let u = -13 - n. What are the prime factors of u?
11
Let m(w) be the second derivative of w**5/20 + w**4/2 - w**3/6 - 2*w. List the prime factors of m(-3).
2, 3, 5
Let t = -178 + 286. List the prime factors of t.
2, 3
Let u(p) = 5*p**3 - p**2 + p. Let j be u(1). Suppose 3*c - j*s = -11, -3*c = 4*s - 17 - 8. What are the prime factors of c?
3
List the prime factors of 1/(-2 - (-2370)/1182).
197
Let r be (-116)/10 + 6/(-